{"id":900,"date":"2017-11-10T13:17:39","date_gmt":"2017-11-10T12:17:39","guid":{"rendered":"http:\/\/www.senka.fr\/blog\/?page_id=900"},"modified":"2018-02-26T12:00:28","modified_gmt":"2018-02-26T11:00:28","slug":"hong-kong","status":"publish","type":"page","link":"https:\/\/www.senka.fr\/blog\/pays\/asie\/hong-kong\/","title":{"rendered":"Hong-Kong"},"content":{"rendered":"<div id=\"pl-900\"  class=\"panel-layout\" ><div id=\"pg-900-0\"  class=\"panel-grid panel-no-style\" ><div id=\"pgc-900-0-0\"  class=\"panel-grid-cell\" ><div id=\"panel-900-0-0-0\" class=\"so-panel widget widget_ink-blog panel-first-child panel-last-child\" data-index=\"0\" ><div\n\t\t\t\n\t\t\tclass=\"so-widget-ink-blog so-widget-ink-blog-thumb-above-db9fe5df2c40-900\"\n\t\t\t\n\t\t>\n<h3 class=\"widget-title\">Article<\/h3>\n\n\t<div class=\"iw-so-blog\">\n\n\t\t<div id=\"my-ajax-blog-widget\">\n\n\t\t\t<div class=\"iw-so-blog-container iw-so-blog-equal-height\">\n\n\t\t\t\t\n\t\t\t\t\t<div class=\"iw-so-article iw-so-thumb-above iw-so-blog-one-column iw-so-last-col\">\n\n\t\t\t\t\t\t\n\t\t\t\t\t\t\t<div class=\"iw-so-article-thumb\">\n\n\t\t\t\t\t\t\t\t\n\t\t\t\t\t\t\t\t\t<a href=\"https:\/\/www.senka.fr\/blog\/monnaie-hong-kong\/\">\n\t\t\t\t\t\t\t\t\t\t<img loading=\"lazy\" decoding=\"async\" width=\"1040\" height=\"208\" src=\"https:\/\/i0.wp.com\/www.senka.fr\/blog\/wp-content\/uploads\/2019\/05\/20190411-125549.jpg?fit=1040%2C208&amp;ssl=1\" class=\"attachment-full size-full wp-post-image\" alt=\"\" srcset=\"https:\/\/i0.wp.com\/www.senka.fr\/blog\/wp-content\/uploads\/2019\/05\/20190411-125549.jpg?w=1040&amp;ssl=1 1040w, https:\/\/i0.wp.com\/www.senka.fr\/blog\/wp-content\/uploads\/2019\/05\/20190411-125549.jpg?resize=512%2C102&amp;ssl=1 512w, https:\/\/i0.wp.com\/www.senka.fr\/blog\/wp-content\/uploads\/2019\/05\/20190411-125549.jpg?resize=768%2C154&amp;ssl=1 768w, https:\/\/i0.wp.com\/www.senka.fr\/blog\/wp-content\/uploads\/2019\/05\/20190411-125549.jpg?resize=1024%2C205&amp;ssl=1 1024w, https:\/\/i0.wp.com\/www.senka.fr\/blog\/wp-content\/uploads\/2019\/05\/20190411-125549.jpg?resize=1038%2C208&amp;ssl=1 1038w, https:\/\/i0.wp.com\/www.senka.fr\/blog\/wp-content\/uploads\/2019\/05\/20190411-125549.jpg?w=948&amp;ssl=1 948w\" sizes=\"(max-width: 474px) 100vw, 474px\" data-attachment-id=\"4900\" data-permalink=\"https:\/\/www.senka.fr\/blog\/20190411-125549\/\" data-orig-file=\"https:\/\/i0.wp.com\/www.senka.fr\/blog\/wp-content\/uploads\/2019\/05\/20190411-125549.jpg?fit=1040%2C208&amp;ssl=1\" data-orig-size=\"1040,208\" data-comments-opened=\"0\" data-image-meta=\"{&quot;aperture&quot;:&quot;5&quot;,&quot;credit&quot;:&quot;SENKA&quot;,&quot;camera&quot;:&quot;NIKON D7200&quot;,&quot;caption&quot;:&quot;&quot;,&quot;created_timestamp&quot;:&quot;1554987349&quot;,&quot;copyright&quot;:&quot;SENKA&quot;,&quot;focal_length&quot;:&quot;34&quot;,&quot;iso&quot;:&quot;800&quot;,&quot;shutter_speed&quot;:&quot;0.01&quot;,&quot;title&quot;:&quot;&quot;,&quot;orientation&quot;:&quot;0&quot;}\" data-image-title=\"20190411-125549\" data-image-description=\"\" data-image-caption=\"\" data-medium-file=\"https:\/\/i0.wp.com\/www.senka.fr\/blog\/wp-content\/uploads\/2019\/05\/20190411-125549.jpg?fit=512%2C102&amp;ssl=1\" data-large-file=\"https:\/\/i0.wp.com\/www.senka.fr\/blog\/wp-content\/uploads\/2019\/05\/20190411-125549.jpg?fit=474%2C95&amp;ssl=1\" \/>\t\t\t\t\t\t\t\t\t\t\t\t\t\t\t\t\t\t\t<\/a>\n\n\t\t\t\t\t\t\t\t\n\t\t\t\t\t\t\t<\/div>\n\n\t\t\t\t\t\t\n\t\t\t\t\t\t<div class=\"iw-so-article-content\">\n\n\t\t\t\t\t\t\t\n\t\t\t\t\t\t\t<h2 class=\"iw-so-article-title iw-text-left\">\n\t\t\t\t\t\t\t\t<a href=\"https:\/\/www.senka.fr\/blog\/monnaie-hong-kong\/\">\t\t\t\t\t\t\t\t\tLa monnaie de Hong-Kong,<br\/>le Dollar de Hong-Kong\t\t\t\t\t\t\t\t<\/a>\t\t\t\t\t\t\t<\/h2>\n\n\t\t\t\t\t\t\t\n\t\t\t\t\t\t\t\n\t\t\t\t\t\t\t\t<p class=\"iw-so-article-excerpt iw-text-left\">\n\t\t\t\t\t\t\t\t\t\t\t\t\t\t\t\t\t\t\tSi Hong-Kong n&#8217;est qu&#8217;une r\u00e9gion administrative sp\u00e9ciale de la Chine, cela ne l&#8217;emp\u00eache pas d&#8217;avoir sa propre monnaie (instaur\u00e9e...\t\t\t\t\t\t\t\t\t\t\t\t\t\t\t\t\t<\/p>\n\n\t\t\t\t\t\t\t\n\t\t\t\t\t\t\t\n\t\t\t\t\t\t\t\n\t\t\t\t\t\t<\/div>\n\n\t\t\t\t\t<\/div>\n\n\t\t\t\t\t\n\t\t\t\t\n\t\t\t\t\t<div class=\"iw-so-article iw-so-thumb-above iw-so-blog-one-column iw-so-last-col\">\n\n\t\t\t\t\t\t\n\t\t\t\t\t\t\t<div class=\"iw-so-article-thumb\">\n\n\t\t\t\t\t\t\t\t\n\t\t\t\t\t\t\t\t\t<a href=\"https:\/\/www.senka.fr\/blog\/hong-kong\/\">\n\t\t\t\t\t\t\t\t\t\t<img loading=\"lazy\" decoding=\"async\" width=\"1040\" height=\"208\" src=\"https:\/\/i0.wp.com\/www.senka.fr\/blog\/wp-content\/uploads\/2019\/04\/20190409-185813.jpg?fit=1040%2C208&amp;ssl=1\" class=\"attachment-full size-full wp-post-image\" alt=\"\" srcset=\"https:\/\/i0.wp.com\/www.senka.fr\/blog\/wp-content\/uploads\/2019\/04\/20190409-185813.jpg?w=1040&amp;ssl=1 1040w, https:\/\/i0.wp.com\/www.senka.fr\/blog\/wp-content\/uploads\/2019\/04\/20190409-185813.jpg?resize=512%2C102&amp;ssl=1 512w, https:\/\/i0.wp.com\/www.senka.fr\/blog\/wp-content\/uploads\/2019\/04\/20190409-185813.jpg?resize=768%2C154&amp;ssl=1 768w, https:\/\/i0.wp.com\/www.senka.fr\/blog\/wp-content\/uploads\/2019\/04\/20190409-185813.jpg?resize=1024%2C205&amp;ssl=1 1024w, https:\/\/i0.wp.com\/www.senka.fr\/blog\/wp-content\/uploads\/2019\/04\/20190409-185813.jpg?resize=1038%2C208&amp;ssl=1 1038w, https:\/\/i0.wp.com\/www.senka.fr\/blog\/wp-content\/uploads\/2019\/04\/20190409-185813.jpg?w=948&amp;ssl=1 948w\" sizes=\"(max-width: 474px) 100vw, 474px\" data-attachment-id=\"4741\" data-permalink=\"https:\/\/www.senka.fr\/blog\/20190409-185813\/\" data-orig-file=\"https:\/\/i0.wp.com\/www.senka.fr\/blog\/wp-content\/uploads\/2019\/04\/20190409-185813.jpg?fit=1040%2C208&amp;ssl=1\" data-orig-size=\"1040,208\" data-comments-opened=\"0\" data-image-meta=\"{&quot;aperture&quot;:&quot;3.5&quot;,&quot;credit&quot;:&quot;SENKA&quot;,&quot;camera&quot;:&quot;NIKON D7200&quot;,&quot;caption&quot;:&quot;&quot;,&quot;created_timestamp&quot;:&quot;1554836293&quot;,&quot;copyright&quot;:&quot;SENKA&quot;,&quot;focal_length&quot;:&quot;18&quot;,&quot;iso&quot;:&quot;800&quot;,&quot;shutter_speed&quot;:&quot;0.16666666666667&quot;,&quot;title&quot;:&quot;&quot;,&quot;orientation&quot;:&quot;0&quot;}\" data-image-title=\"20190409-185813\" data-image-description=\"\" data-image-caption=\"\" data-medium-file=\"https:\/\/i0.wp.com\/www.senka.fr\/blog\/wp-content\/uploads\/2019\/04\/20190409-185813.jpg?fit=512%2C102&amp;ssl=1\" data-large-file=\"https:\/\/i0.wp.com\/www.senka.fr\/blog\/wp-content\/uploads\/2019\/04\/20190409-185813.jpg?fit=474%2C95&amp;ssl=1\" \/>\t\t\t\t\t\t\t\t\t\t\t\t\t\t\t\t\t\t\t<\/a>\n\n\t\t\t\t\t\t\t\t\n\t\t\t\t\t\t\t<\/div>\n\n\t\t\t\t\t\t\n\t\t\t\t\t\t<div class=\"iw-so-article-content\">\n\n\t\t\t\t\t\t\t\n\t\t\t\t\t\t\t<h2 class=\"iw-so-article-title iw-text-left\">\n\t\t\t\t\t\t\t\t<a href=\"https:\/\/www.senka.fr\/blog\/hong-kong\/\">\t\t\t\t\t\t\t\t\tHong-Kong en 4 jours\t\t\t\t\t\t\t\t<\/a>\t\t\t\t\t\t\t<\/h2>\n\n\t\t\t\t\t\t\t\n\t\t\t\t\t\t\t\n\t\t\t\t\t\t\t\t<p class=\"iw-so-article-excerpt iw-text-left\">\n\t\t\t\t\t\t\t\t\t\t\t\t\t\t\t\t\t\t\tApr\u00e8s Bali, nous profitons d\u2019une escale de 4 jours dans cette imposante ville avec 7 millions d\u2019\u00e2mes avant de...\t\t\t\t\t\t\t\t\t\t\t\t\t\t\t\t\t<\/p>\n\n\t\t\t\t\t\t\t\n\t\t\t\t\t\t\t\n\t\t\t\t\t\t\t\n\t\t\t\t\t\t<\/div>\n\n\t\t\t\t\t<\/div>\n\n\t\t\t\t\t\n\t\t\t\t\n\t\t\t\t\t<div class=\"iw-so-article iw-so-thumb-above iw-so-blog-one-column iw-so-last-col\">\n\n\t\t\t\t\t\t\n\t\t\t\t\t\t\t<div class=\"iw-so-article-thumb\">\n\n\t\t\t\t\t\t\t\t\n\t\t\t\t\t\t\t\t\t<a href=\"https:\/\/www.senka.fr\/blog\/international-sign-asian-countries\/\">\n\t\t\t\t\t\t\t\t\t\t<img loading=\"lazy\" decoding=\"async\" width=\"1040\" height=\"208\" src=\"https:\/\/i0.wp.com\/www.senka.fr\/blog\/wp-content\/uploads\/2017\/11\/20171119-lsi-asian-countries.jpg?fit=1040%2C208&amp;ssl=1\" class=\"attachment-full size-full wp-post-image\" alt=\"\" srcset=\"https:\/\/i0.wp.com\/www.senka.fr\/blog\/wp-content\/uploads\/2017\/11\/20171119-lsi-asian-countries.jpg?w=1040&amp;ssl=1 1040w, https:\/\/i0.wp.com\/www.senka.fr\/blog\/wp-content\/uploads\/2017\/11\/20171119-lsi-asian-countries.jpg?resize=512%2C102&amp;ssl=1 512w, https:\/\/i0.wp.com\/www.senka.fr\/blog\/wp-content\/uploads\/2017\/11\/20171119-lsi-asian-countries.jpg?resize=768%2C154&amp;ssl=1 768w, https:\/\/i0.wp.com\/www.senka.fr\/blog\/wp-content\/uploads\/2017\/11\/20171119-lsi-asian-countries.jpg?resize=1024%2C205&amp;ssl=1 1024w, https:\/\/i0.wp.com\/www.senka.fr\/blog\/wp-content\/uploads\/2017\/11\/20171119-lsi-asian-countries.jpg?resize=1038%2C208&amp;ssl=1 1038w, https:\/\/i0.wp.com\/www.senka.fr\/blog\/wp-content\/uploads\/2017\/11\/20171119-lsi-asian-countries.jpg?w=948&amp;ssl=1 948w\" sizes=\"(max-width: 474px) 100vw, 474px\" data-attachment-id=\"1069\" data-permalink=\"https:\/\/www.senka.fr\/blog\/international-sign-asian-countries\/20171119-lsi-asian-countries\/\" data-orig-file=\"https:\/\/i0.wp.com\/www.senka.fr\/blog\/wp-content\/uploads\/2017\/11\/20171119-lsi-asian-countries.jpg?fit=1040%2C208&amp;ssl=1\" data-orig-size=\"1040,208\" data-comments-opened=\"1\" data-image-meta=\"{&quot;aperture&quot;:&quot;0&quot;,&quot;credit&quot;:&quot;&quot;,&quot;camera&quot;:&quot;&quot;,&quot;caption&quot;:&quot;&quot;,&quot;created_timestamp&quot;:&quot;0&quot;,&quot;copyright&quot;:&quot;&quot;,&quot;focal_length&quot;:&quot;0&quot;,&quot;iso&quot;:&quot;0&quot;,&quot;shutter_speed&quot;:&quot;0&quot;,&quot;title&quot;:&quot;&quot;,&quot;orientation&quot;:&quot;0&quot;}\" data-image-title=\"LSI &#8211; Asian countries (5&#215;1)\" data-image-description=\"\" data-image-caption=\"\" data-medium-file=\"https:\/\/i0.wp.com\/www.senka.fr\/blog\/wp-content\/uploads\/2017\/11\/20171119-lsi-asian-countries.jpg?fit=512%2C102&amp;ssl=1\" data-large-file=\"https:\/\/i0.wp.com\/www.senka.fr\/blog\/wp-content\/uploads\/2017\/11\/20171119-lsi-asian-countries.jpg?fit=474%2C95&amp;ssl=1\" \/>\t\t\t\t\t\t\t\t\t\t\t\t\t\t\t\t\t\t\t<\/a>\n\n\t\t\t\t\t\t\t\t\n\t\t\t\t\t\t\t<\/div>\n\n\t\t\t\t\t\t\n\t\t\t\t\t\t<div class=\"iw-so-article-content\">\n\n\t\t\t\t\t\t\t\n\t\t\t\t\t\t\t<h2 class=\"iw-so-article-title iw-text-left\">\n\t\t\t\t\t\t\t\t<a href=\"https:\/\/www.senka.fr\/blog\/international-sign-asian-countries\/\">\t\t\t\t\t\t\t\t\tInternational Sign <small><small>\/ Asian Countries<\/small><\/small>\t\t\t\t\t\t\t\t<\/a>\t\t\t\t\t\t\t<\/h2>\n\n\t\t\t\t\t\t\t\n\t\t\t\t\t\t\t\n\t\t\t\t\t\t\t\t<p class=\"iw-so-article-excerpt iw-text-left\">\n\t\t\t\t\t\t\t\t\t\t\t\t\t\t\t\t\t\t\tSource vid\u00e9o : YouTube - 5th WFD Asia Conference 2016 Titre : International Sign (IS) Part 6\t\t\t\t\t\t\t\t\t\t\t\t\t\t\t\t\t<\/p>\n\n\t\t\t\t\t\t\t\n\t\t\t\t\t\t\t\n\t\t\t\t\t\t\t\n\t\t\t\t\t\t<\/div>\n\n\t\t\t\t\t<\/div>\n\n\t\t\t\t\t\n\t\t\t\t\n\t\t\t<\/div>\n\n\t\t\t\n\t\t<\/div>\n\n\t<\/div>\n\n\n<\/div><\/div><\/div><div id=\"pgc-900-0-1\"  class=\"panel-grid-cell\" ><div class=\"panel-cell-style panel-cell-style-for-900-0-1\" ><div id=\"panel-900-0-1-0\" class=\"so-panel widget widget_text panel-first-child panel-last-child\" data-index=\"1\" ><h3 class=\"widget-title\">Fiche<\/h3>\t\t\t<div class=\"textwidget\"><p><!-- HONG-KONG --><\/p>\n<table class=\" alignright\">\n<tbody>\n<tr>\n<td style=\"background-color: #eecc99; text-align: right; vertical-align: middle;\" width=\"50%\"><strong>Drapeau<\/strong><\/td>\n<td style=\"background-color: #ffffff; width: 114px;\" width=\"50%\"><img loading=\"lazy\" decoding=\"async\" data-attachment-id=\"538\" data-permalink=\"https:\/\/www.senka.fr\/blog\/pays\/amerique-du-sud\/perou\/drapeau-perou\/\" data-orig-file=\"https:\/\/i0.wp.com\/www.senka.fr\/blog\/wp-content\/uploads\/2017\/08\/drapeau-p%C3%A9rou.jpg?fit=170%2C99&amp;ssl=1\" data-orig-size=\"170,99\" data-comments-opened=\"1\" data-image-meta=\"{&quot;aperture&quot;:&quot;0&quot;,&quot;credit&quot;:&quot;&quot;,&quot;camera&quot;:&quot;&quot;,&quot;caption&quot;:&quot;&quot;,&quot;created_timestamp&quot;:&quot;0&quot;,&quot;copyright&quot;:&quot;&quot;,&quot;focal_length&quot;:&quot;0&quot;,&quot;iso&quot;:&quot;0&quot;,&quot;shutter_speed&quot;:&quot;0&quot;,&quot;title&quot;:&quot;&quot;,&quot;orientation&quot;:&quot;0&quot;}\" data-image-title=\"P\u00e9rou (drapeau)\" data-image-description=\"\" data-image-caption=\"\" data-medium-file=\"https:\/\/i0.wp.com\/www.senka.fr\/blog\/wp-content\/uploads\/2017\/08\/drapeau-p%C3%A9rou.jpg?fit=170%2C99&amp;ssl=1\" data-large-file=\"https:\/\/i0.wp.com\/www.senka.fr\/blog\/wp-content\/uploads\/2017\/08\/drapeau-p%C3%A9rou.jpg?fit=170%2C99&amp;ssl=1\" data-recalc-dims=\"1\" class=\"aligncenter size-full wp-image-538\" src=\"https:\/\/i0.wp.com\/www.senka.fr\/blog\/wp-content\/uploads\/2017\/11\/drapeau-hongkong.jpg?resize=170%2C99\" alt=\"\" width=\"170\" height=\"99\" \/><\/td>\n<\/tr>\n<tr>\n<td style=\"background-color: #eecc99; text-align: right; vertical-align: middle;\"><strong>Capitale<\/strong><\/td>\n<td style=\"background-color: #ffffff; width: 114px;\">Hong-Kong<\/td>\n<\/tr>\n<tr>\n<td style=\"background-color: #eecc99; text-align: right; vertical-align: middle;\"><strong>Population <\/strong> <small><em>(2014)<\/em><\/small><\/td>\n<td style=\"background-color: #ffffff; width: 114px;\">7 234 800 hab.<\/td>\n<\/tr>\n<tr>\n<td style=\"background-color: #eecc99; text-align: right; vertical-align: middle;\"><strong>Superficie<\/strong><\/td>\n<td style=\"background-color: #ffffff; width: 114px;\">1 104 km\u00b2<\/td>\n<\/tr>\n<tr>\n<td style=\"background-color: #eecc99; text-align: right; vertical-align: middle;\"><strong>Langues officielles<\/strong><\/td>\n<td style=\"background-color: #ffffff; width: 114px;\">Anglais<br \/>\nChinois<\/td>\n<\/tr>\n<tr>\n<td style=\"background-color: #eecc99; text-align: right; vertical-align: middle;\"><strong>Langue des Signes<\/strong><\/td>\n<td style=\"background-color: #ffffff; width: 114px;\">HKSL<br \/><small><em>Heung Kong Sau Yue<\/em><\/small><\/td>\n<\/tr>\n<tr>\n<td style=\"background-color: #eecc99; text-align: right; vertical-align: middle;\"><strong>Monnaie<\/strong><\/td>\n<td style=\"background-color: #ffffff; width: 114px;\">HKD<br \/><small><em>Dollar de Hong Kong<\/em><\/small><\/td>\n<\/tr>\n<tr>\n<td style=\"background-color: #eecc99; text-align: right; vertical-align: middle;\"><strong>Fuseau horaire<\/strong><\/td>\n<td style=\"background-color: #ffffff; width: 114px;\">UTC +8h<br \/><span id=\"Hong_Kong_z419\"><\/span><br \/>\n<script src=\"\/\/widget.time.is\/fr.js\"><\/script><script>time_is_widget.init({Hong_Kong_z419:{template:\"DATE (TIME)\", time_format:\"hours:minutes\", date_format:\"dayname dnum monthname\"}});<\/script>\n<\/td>\n<\/tr>\n<\/tbody>\n<\/table>\n<\/div>\n\t\t<\/div><\/div><\/div><\/div><div id=\"pg-900-1\"  class=\"panel-grid panel-no-style\" ><div id=\"pgc-900-1-0\"  class=\"panel-grid-cell\" ><div id=\"panel-900-1-0-0\" class=\"so-panel widget widget_text panel-first-child panel-last-child\" data-index=\"2\" ><h3 class=\"widget-title\">Carte<\/h3>\t\t\t<div class=\"textwidget\"><p><iframe loading=\"lazy\" src=\"https:\/\/www.google.com\/maps\/d\/embed?mid=1fC1ivYotRDnRIIjwptDNBb1QtcCAhrOw\" width=\"900px\" height=\"600px\"><\/iframe><\/p>\n<\/div>\n\t\t<\/div><\/div><\/div><\/div>","protected":false},"excerpt":{"rendered":"<p>Drapeau Capitale Hong-Kong Population (2014) 7 234 800 hab. Superficie 1 104 km\u00b2 Langues officielles Anglais Chinois Langue des Signes HKSLHeung Kong Sau Yue Monnaie HKDDollar de Hong Kong Fuseau horaire UTC +8h<\/p>\n","protected":false},"author":1,"featured_media":1084,"parent":331,"menu_order":0,"comment_status":"closed","ping_status":"closed","template":"","meta":{"footnotes":""},"class_list":["post-900","page","type-page","status-publish","has-post-thumbnail","hentry"],"jetpack_sharing_enabled":true,"jetpack_shortlink":"https:\/\/wp.me\/P8IlF9-ew","_links":{"self":[{"href":"https:\/\/www.senka.fr\/blog\/wp-json\/wp\/v2\/pages\/900"}],"collection":[{"href":"https:\/\/www.senka.fr\/blog\/wp-json\/wp\/v2\/pages"}],"about":[{"href":"https:\/\/www.senka.fr\/blog\/wp-json\/wp\/v2\/types\/page"}],"author":[{"embeddable":true,"href":"https:\/\/www.senka.fr\/blog\/wp-json\/wp\/v2\/users\/1"}],"replies":[{"embeddable":true,"href":"https:\/\/www.senka.fr\/blog\/wp-json\/wp\/v2\/comments?post=900"}],"version-history":[{"count":13,"href":"https:\/\/www.senka.fr\/blog\/wp-json\/wp\/v2\/pages\/900\/revisions"}],"predecessor-version":[{"id":1432,"href":"https:\/\/www.senka.fr\/blog\/wp-json\/wp\/v2\/pages\/900\/revisions\/1432"}],"up":[{"embeddable":true,"href":"https:\/\/www.senka.fr\/blog\/wp-json\/wp\/v2\/pages\/331"}],"wp:featuredmedia":[{"embeddable":true,"href":"https:\/\/www.senka.fr\/blog\/wp-json\/wp\/v2\/media\/1084"}],"wp:attachment":[{"href":"https:\/\/www.senka.fr\/blog\/wp-json\/wp\/v2\/media?parent=900"}],"curies":[{"name":"wp","href":"https:\/\/api.w.org\/{rel}","templated":true}]}}